7/(-3))/((-2)/1086). Is b/14 - (-2)/4 a composite number?
True
Suppose -2*v - 4 = -2. Let d = v + 68. Is d a prime number?
True
Let o(p) be the first derivative of -p**7/840 - p**6/60 - p**5/24 + 5*p**4/24 - p**3/3 - 3. Let k(h) be the third derivative of o(h). Is k(-6) prime?
False
Suppose 5*i = 0, 5*h = -0*i + 4*i - 1795. Let z = h + 582. Is z composite?
False
Let g(u) = u**3 + 3*u**2 - 4*u + 4. Let m be g(-4). Suppose z + 4*h = -z + 326, -m*h = 4*z - 648. Is z a composite number?
True
Let k(j) = j**2 - 9*j + 7. Is k(26) a prime number?
True
Suppose -r - 124 + 442 = m, r - 3*m = 330. Let o = 520 - r. Is o a composite number?
False
Let t(w) be the third derivative of -w**7/840 - w**6/60 + w**5/10 + w**4/8 - w**3/6 + 2*w**2. Let q(z) be the first derivative of t(z). Is q(-8) a prime number?
False
Let l(i) = i**2 + i + 2. Let r be l(0). Suppose r*p = -3*p + 10. Suppose p*x = 4*x - 12. Is x a prime number?
False
Let i(t) = -6*t**2 - t + 2. Let c be i(-4). Suppose 6*s - s + 125 = 0. Is (c/s)/(2/5) composite?
True
Let h = 995 + -492. Is h prime?
True
Is 6564/8 + -1*(-1)/2 prime?
True
Let o be (-14)/(-16) + (-8)/(-64). Is ((-296)/(-20))/(o/5) prime?
False
Let m be 5/((-45)/42)*-3. Let q be 816/m - (-10)/(-35). Suppose -2*w = -2*x - 34, -5*w + q + 23 = -3*x. Is w a composite number?
True
Suppose 5*o - 1 = -2*n, 4*n - 13 = -n - 2*o. Suppose n*a - a = 38. Is a a prime number?
True
Let r(t) = 2*t - 7. Let j be r(4). Let x(h) = 50*h**3 - 3*h**2 - h**2 + 3*h**2. Is x(j) a prime number?
False
Suppose 0 = -5*i - 3*r + 926, 3*i = -4*r - 19 + 568. Is i a prime number?
False
Suppose 0*z = -3*z. Let s(b) = b + 26. Is s(z) prime?
False
Let h(t) be the first derivative of -t**5/20 + 7*t**4/12 + t**3/2 - 7*t**2/2 + t - 4. Let o(f) be the first derivative of h(f). Is o(5) a composite number?
True
Let o(z) be the first derivative of 4*z - 2 + 1/2*z**2 - 1/4*z**4 - 1/3*z**3. Is o(-3) a prime number?
True
Is ((-3)/5)/((-4)/20) - -714 a composite number?
True
Let k(m) = -m**3 - 4*m**2 - m + 2. Let u be k(-4). Let y be (-6)/((-3)/u*3). Suppose -41 - 9 = -3*h - 5*f, y*h + f - 95 = 0. Is h prime?
False
Suppose 265 = 5*q - 2170. Is q composite?
False
Suppose 40 + 2 = 6*w. Suppose 0 = -w*h + 3*h + 2292. Is h prime?
False
Let i(b) = -b**3 - 8*b**2 + 11. Let y be i(-8). Let o = -10 + y. Is (-124)/(-2) - (o + 2) composite?
False
Let t = 880 + -435. Is t a prime number?
False
Let k = -188 - -351. Is k composite?
False
Is (2 + 0)*(7 - (-9423)/18) prime?
True
Suppose 162 = 2*o - 156. Let w = -92 + o. Is w - (-5)/(15/6) composite?
True
Let c(v) = 33*v - 15. Is c(12) a prime number?
False
Let u(v) = 30*v - 17. Is u(17) composite?
True
Suppose -2*l = -2*d - 2406, -5*d - 2406 = -l - l. Is l a composite number?
True
Suppose -20*c + 24*c - 856 = 0. Is c a composite number?
True
Suppose 0 = c + 4*j - 13, -2*c + 15 = 5*j - 5. Let n(x) = 2*x**2 - 6*x - 5. Let r be n(c). Suppose -2*t = 5*p - 1033 + 328, -3*t - r = 0. Is p a prime number?
False
Let s be (-1)/((-484)/483 - -1). Let b = s + -287. Suppose -3*g = -5*o + b, -77 = -5*o + g + 115. Is o a prime number?
False
Let v = -3 + -6. Let i = v - -14. Let x(c) = c**3 - 5*c**2 + 3*c + 7. Is x(i) a composite number?
True
Suppose -9*v + 5*v + 764 = 0. Is v a prime number?
True
Is (-2 - -3) + -7*62*-2 a composite number?
True
Let q be (0 + 1)*(-3 - -10). Suppose 3*n + q = 16. Is ((-53)/(-2))/(n/6) a composite number?
False
Let c(t) = 16*t - 1. Let b be c(5). Let y = 6 - 20. Let g = y + b. Is g a prime number?
False
Suppose -2*x = 3*n + 9, 7*n + 2*x = 3*n - 12. Is 2/n - 591/(-9) a prime number?
False
Suppose -1639 = 5*s - 659. Let n = s - -399. Is n composite?
True
Suppose m + 129 - 670 = 0. Is m prime?
True
Let g(a) = -a**3 - 5*a**2 - 2*a - 6. Suppose 4*l + 5 = 3*l. Let x be g(l). Suppose 5*n = -5*r + 105, -x*n + r = 4*r - 85. Is n prime?
False
Let h(x) = -x + 11. Let k be h(8). Suppose -20 = -k*l - 68. Let n = -10 - l. Is n prime?
False
Suppose 19369 + 5832 = 11*r. Is r a prime number?
False
Let q(p) = p**2 + 4. Let r be q(0). Suppose 0 = y - r, 4*y + 541 + 1 = 2*o. Is (-1)/(-2) + o/6 prime?
True
Suppose 0 = 2*d - 8 - 6. Suppose a - 3*u = -0*u + d, a - 4*u = 3. Is a a composite number?
False
Suppose -3*y = 2*o + 2, -o + 0*o = 4*y + 1. Suppose 4*k - 16 - 4 = -4*w, 2*k - w - 1 = y. Is 2 - (-24 + (2 - k)) prime?
False
Let c(y) = 12*y**3 + 4*y**2 - 4*y**2 - 2. Is c(2) composite?
True
Suppose -4 = 2*j - 0. Let r be 1 + -2*(0 + j). Suppose -3*o + o = -2*c - 38, -55 = -r*o - 3*c. Is o composite?
True
Let t(k) = 19*k + 1. Let v = -6 + 10. Is t(v) a prime number?
False
Is (-3)/5 + 14590/25 a composite number?
True
Let s(k) = -72*k + 1. Let c = -10 + 8. Is s(c) a prime number?
False
Suppose -3*m = -3 - 0. Let f(v) = 2*v**2 + m - 2 + 13*v**2 - v. Is f(4) a prime number?
False
Suppose w + 123 = 736. Is w composite?
False
Let q(l) = l**2 - 10*l - 11. Let p be q(11). Suppose p = 5*i + 2*z - 13, 0 + 2 = -2*z. Suppose -i*x + 242 = -5*w, w = 2*x + 4*w - 155. Is x a composite number?
False
Let g be (0 - 0)*(-4)/(-12). Is 706 + g + 3 + -2 prime?
False
Let j(w) be the second derivative of 8*w**3/3 + 3*w**2/2 + w. Let l = 6 + -2. Is j(l) prime?
True
Let u = 9 - 15. Let m be -3*4/u*1. Suppose -m*y = -y - 21. Is y a composite number?
True
Let n(i) = 498*i**2 + 2*i - 3. Is n(2) prime?
True
Suppose 3*h + 0*h = 33. Let o(w) = w**2 - 10*w + 4. Is o(h) prime?
False
Let r(b) = 15*b**2 + 2*b + 1. Let l(c) = -c**2 - 1. Let x(d) = 6*l(d) + r(d). Is x(-4) a prime number?
True
Suppose 3*w + 0*w - 30 = 0. Let g = w - 0. Is g a prime number?
False
Suppose 2*j + 0*s = 2*s + 668, -2*j = 4*s - 650. Is j prime?
True
Let c(f) = 5*f - 1. Let n be c(1). Suppose 0 = n*t - 5*t + 12. Let r = t - 1. Is r prime?
True
Let k(h) = 459*h**2 + h + 2. Let m be k(-1). Suppose 5*v + m = 9*v. Is v a composite number?
True
Let t = -2194 + 3711. Is t prime?
False
Suppose 2*g + 1997 = 3*h, -4*h + 649 = -3*h - 4*g. Is h a prime number?
False
Let o = -1108 - -1793. Is o a composite number?
True
Let a(i) = -18*i - 5. Is a(-12) prime?
True
Let h(g) = 39*g + 1. Let t be (4/(-6))/((-4)/30). Let j be h(t). Let x = 283 - j. Is x composite?
True
Let m(t) = -t + 5. Let x be m(5). Suppose -8 = 4*w - x. Is (-44 + -5)/(w/2) prime?
False
Let x = 9 + -7. Let o = 5 - x. Is o a composite number?
False
Suppose 5*l + 4*j = 245, -3*l + 2*j - j = -147. Let i = -24 + l. Is i a prime number?
False
Suppose 0 = 5*z + 4*f - 3*f - 5303, -2*f = 5*z - 5301. Is z a prime number?
True
Let g = -129 - -218. Is g prime?
True
Let s = 89 - -120. Is s a composite number?
True
Let l(a) = -a**3 - 8*a**2 - 11*a - 1. Is l(-8) a composite number?
True
Is -4 + 170/45 + (-95962)/(-18) composite?
True
Suppose -4*w = 4*v - 4, 2*v - 3*w - 10 = -w. Is 709/v + 2/3 prime?
False
Suppose -70 = 4*q + q. Let k(d) = 3*d**2 + 4*d - 4. Let y be k(-5). Let b = y + q. Is b prime?
True
Let v = 13 - 8. Suppose -v*l + 609 = -3*o, 3*l - o = -l + 490. Is l composite?
True
Let a(f) be the first derivative of -3*f**4/4 - f**3/3 + 3*f**2/2 + f - 2. Is a(-2) a prime number?
False
Let t(l) = l**2 - 5*l. Let v be t(5). Suppose 0 = 3*p - 5*d - 217, 2*p + 3*p + 2*d - 341 = v. Is p composite?
True
Let m(v) = 14*v + 1 - 4 + 8*v. Let c be m(2). Let r = -16 + c. Is r prime?
False
Let f be (3/2)/((-4)/8). Is (392/12 + f)*3 composite?
False
Let h(v) be the first derivative of -v**4/4 + 4*v**3/3 + 5*v**2/2 - v - 4. Is h(4) composite?
False
Suppose 2*r - 5 + 1 = 0. Suppose -1 = r*s - 5. Suppose s*p - 75 = 111. Is p composite?
True
Suppose 2*n = 6*n - 40. Suppose 4*h + 3*y = 886, 0*y + 5*y = -n. Is h a prime number?
True
Let p(b) = 13*b**2 + 2*b - 1. Suppose 6*d = 2*x + d + 8, -4*x + 5*d = 16. Let o(m) = -m**2 - 5*m - 2. Let i be o(x). Is p(i) a prime number?
False
Suppose -2*k + 40 = 5*d, 2*d - 5*k - 30 = -3*k. Suppose -2*c + 2 = -d. Suppose j + 1 = 0, -2*t + 57 = c*j - j. Is t a prime number?
True
Suppose 3*c - 18 = -3*f, -3*c + 4*f = c + 16. Is 0 + -1 - (-35 - c) prime?
False
Let z = -9 + 4. Let u(a) = -2*a - 4. Is u(z) a prime number?
False
Suppose -17*p + 24*p = 7539. Is p composite?
True
Suppose -360 = -2*s - 4*k - 8, -2*k = 3*s - 532. Let y = s - 104. Is y prime?
False
Suppose 0 = -2*m - 4*t + 26, 0 = -2*m - 3*t + 7 + 15. Suppose -2*p - 32 = -7*p + 3*a, m*a = 5. Is p pr